 + 13*f**5/60 + f**4/24 - f**3/6 + 6*f**2. Is i(5) composite?
True
Let d = 9 + 5. Suppose -17*c + 54 = -d*c. Suppose -c*j - 1306 = -20*j. Is j prime?
True
Is (-8 + 18840 - -6) + -11 a prime number?
False
Let c be (3/(6/8) - -1)/1. Suppose 2*d = 4*t - 1192 - 3104, 5*t - 5365 = c*d. Let q = t + -682. Is q composite?
True
Let f(x) = x**3 - 18*x**2 + 72*x - 20. Let k = -226 + 245. Is f(k) a composite number?
False
Suppose 91*q + 73*q = 23*q + 62869221. Is q composite?
True
Let p = -134556 - -260471. Is p a composite number?
True
Suppose -1884*x + 1882*x + 2279818 = 0. Is x a composite number?
False
Suppose -5*c + l - 12 = -4, 0 = 4*l + 8. Is (-1371)/9*c*9/3 composite?
True
Let n(h) be the first derivative of -h**3/3 + 13*h**2 + h - 105. Is n(7) a composite number?
True
Let u(p) = 19*p - 111. Let f be u(6). Suppose -n + 8779 = 3*k, -1664 + 10447 = f*k - n. Is k a prime number?
True
Let a(k) = -13126*k + 72. Let r be a(-4). Let w = r + -26249. Is w composite?
True
Let a(k) = 378474*k + 452. Is a(1) a composite number?
True
Let n = 90302 - -49359. Is n composite?
False
Let x(i) = 5015*i**2 - 343*i - 2365. Is x(-7) composite?
False
Let i be 196/343*7/2. Suppose 103112 = 10*x - i*x. Is x prime?
True
Let z(s) = 1607*s**2 - s + 1. Let n be z(-1). Suppose 7*b - n = -454. Suppose 21*u - 16*u = b. Is u composite?
True
Is (1*-1)/(429/(-7439289)) composite?
False
Let u(t) = -12*t - 14. Let x be u(-6). Suppose -9*o - 4 = -x. Is (-1*3737)/(8 - o - 3) a composite number?
True
Let d = 77 - 74. Suppose -n + 0 = -3. Suppose -n*u = -f - 1760, d*f - 2423 = -5*u + 515. Is u composite?
False
Let i(m) = 3*m**2 + 7*m - 6. Suppose p - 5*v + 6 = -0*p, 3*p + 3*v = -18. Let f be i(p). Suppose 131 + f = l. Is l a composite number?
False
Let a = 175851 - 120052. Is a prime?
True
Let c(j) = -j**3 + 6*j**2 + j + 15. Let u(k) = -5*k**3 + 29*k**2 + 5*k + 73. Let g(z) = 11*c(z) - 2*u(z). Is g(-6) composite?
True
Let a(x) = -2*x + 5. Let k be a(4). Let h be k + ((-2856)/(-4) - 0). Let w = 1508 - h. Is w a prime number?
True
Let a be -3 + (-2)/(-5 - (-39)/9). Suppose 0 = -3*d + 3*o + 3345, 2*d + 2*o + 13 - 2251 = a. Is d a prime number?
True
Suppose 3*u + 4584 = 347871. Suppose -32521 = -10*t + u. Is t a composite number?
True
Suppose 74*r = 19669206 - 589268. Is r prime?
True
Let v = 9101 + -4710. Is v a composite number?
False
Suppose -4*x - 5*z + 618304 = 0, 4*x + z - 204932 = 413356. Is x prime?
True
Is 16 - 2714811/(-10) - 2/(20/1) a prime number?
False
Let o = -109055 - -249841. Is o prime?
False
Let f(q) = 9220*q - 409. Is f(8) a prime number?
True
Let i = 1902 - 1139. Suppose -2*f - 18 + 8 = 0, 3*o - 5*f + 2 = 0. Is (i/(-4))/(o/36) composite?
True
Let r = 239 + -371. Is (-3)/2*107096/r prime?
True
Suppose 877*q - 240*q - 7268807 = 0. Is q prime?
True
Let h(l) = 4173*l + 33. Let r be h(11). Let v = r + -20169. Suppose 3*n = -6*n + v. Is n prime?
False
Let l be (-4)/7 - (-225)/63. Suppose 3*m = 4*m - 5*z + 5, -3*m - l*z + 3 = 0. Suppose m = 2*h - 6839 - 3351. Is h a composite number?
True
Suppose -23791*z + 23817*z - 2272582 = 0. Is z prime?
True
Suppose 154746 = 117*i - 99*i. Is i a composite number?
False
Suppose -3*m = -u + 1054, 2*u - 2103 = 2*m - m. Suppose 0 = 5*t - u - 124. Is t a prime number?
False
Suppose 483 - 1827 = -14*k. Suppose -k = h - 287. Is h prime?
True
Let q = -28734 - -51521. Is q a prime number?
True
Let b be (-14)/(55/10 + -5). Let v be (0 + (-33)/(-12))*b*1. Let p = v - -92. Is p a composite number?
True
Let s be (-1*1)/((-98)/(-784)). Is (-260)/s*(-6476)/(-10) prime?
False
Suppose d - 126 = -5*z + 78, 3*d - 12 = 0. Let i be (z/(-50))/(2181/(-1090) - -2). Suppose 2*j = -4*g + i, 4*g + 466 = 2*j - j. Is j composite?
True
Suppose -243 = 7*p + 4454. Suppose 0 = -5*s - 15, 2*s - 1028 = -g - 26. Let u = g + p. Is u a composite number?
False
Let f(v) be the second derivative of -40*v**3 + 161*v**2/2 - 7*v + 1. Is f(-34) composite?
True
Let v(w) = w**3 - 7*w**2 + 12*w - 13. Let q be ((-3)/2)/(33/(-154)). Is v(q) a composite number?
False
Is 31/(-403) + 219324/13 a composite number?
False
Suppose 6*g - 2 = 7*g. Let a(y) = 351*y**2 - 3*y - 11. Is a(g) prime?
True
Suppose -37*h - 60*h = -10*h - 520347. Is h prime?
True
Let c be 6/(17 - 5)*5794. Suppose 0 = 17*f - 16976 - c. Is f a composite number?
True
Let d = 71153 + -34096. Is d composite?
False
Suppose -2014 = 24*f - 22*f. Let x = f + 461. Let v = 985 + x. Is v a composite number?
False
Is (-16 + 12)/(((-12)/67109)/3) prime?
False
Suppose 93730 = 2*i + 3*n, 15*n = 11*n + 16. Is i a composite number?
True
Let t(l) = l**2 + l. Let y(f) = -400*f**2 - 3*f + 22. Let k(n) = -2*t(n) - y(n). Let z(r) be the first derivative of k(r). Is z(1) a composite number?
False
Let a(g) = 1132*g**2 - 4*g - 11. Suppose -10*c = -9*c + 7. Let s be a(c). Is s/18 + 2/4 composite?
False
Let y = -153 + 571. Let k = y + 4135. Is k a composite number?
True
Suppose -5*w + 4*h = 2204, -2*h = -w + 3*h - 445. Let s = 2341 + w. Is s prime?
True
Suppose x - 1 = 2*l, -26*x + 5 = -24*x - l. Suppose 10877 = 4*u - x*u - 4*t, -4*u + 43489 = 3*t. Is u prime?
False
Let o be (-4)/(-18) - (455/63 - 7). Suppose -3*c + 5*d = -41, -c + 2*d + 2 + 13 = o. Is (-69)/(-5)*(c + -5 + 3) prime?
False
Suppose -48 = -4*f - f - 4*k, -3*k = f - 14. Is f/(-14) + 10*(-13630)/(-140) prime?
False
Let y be 4/((-43)/(-215) + 5791/(-29005)). Let p = 744 + y. Is p prime?
False
Suppose -3*d + 14 = -1. Suppose d*v = 2*o - 4416, -4*o + o = 4*v - 6601. Is o prime?
True
Suppose -b + 5*y + 8 = 0, 3*y + 12 = -3*b - 0*y. Is ((-1)/b)/(1/5930) prime?
False
Suppose 33*s - 5828630 = 4*s - 9*s. Is s a composite number?
True
Suppose 438980 = 107*w - 97*w. Suppose -3*b + 10967 = -0*y + y, 4*y = 3*b + w. Is y a prime number?
True
Suppose 11977744 = 377*i - 369*i. Is i composite?
True
Suppose 5*g - 11170693 = -j + 3*j, -4*j - 22341441 = g. Is ((-4)/(-6))/(j/1117077 - -5) prime?
True
Let l = -51 + 54. Suppose 0 = -4*s + 2*u - 6*u - 304, 230 = -l*s - u. Let x = 57 - s. Is x a composite number?
True
Suppose -1480*c - 29855856 = -1528*c. Is c a prime number?
True
Let z(g) = 732*g + 2195. Is z(69) a composite number?
True
Is 3/4*4 - ((-332442)/11 + 14) a prime number?
True
Suppose -359*a + 14899739 = -68*a + 22*a. Is a a composite number?
True
Let v = 424 - -30. Suppose v = -3*t - 113. Let r = 506 + t. Is r a prime number?
True
Let g = -2863010 + 4126081. Is g a composite number?
False
Let r(q) = 50491*q**2 - 151*q + 73. Is r(-6) composite?
True
Let z = 59027 - 36484. Is z a composite number?
False
Let k be ((-150150)/(-60))/(2/4). Let u = k - 3336. Is u composite?
False
Suppose -350*d = -135343724 - 83748926. Is d composite?
False
Suppose l - 44140 + 816345 = 5*t, -3*t + 4*l + 463323 = 0. Is t a prime number?
False
Suppose 11*r = -5*l + 10*r - 4236, 2532 = -3*l - 3*r. Let q = 3935 - l. Is q a composite number?
False
Let q = 233201 - -47610. Is q prime?
True
Let f = 48 + -40. Let u = 133 + f. Is u*(-2 - 1 - 160/(-24)) a prime number?
False
Let o be (2/(-4))/((-17)/(-239836)). Let f = o + 10017. Is f a composite number?
False
Let h = -99621 + 157582. Is h composite?
True
Suppose 7*y - 4*y = 15. Suppose 3*x - 3960 + 14262 = 3*r, y*x - 13727 = -4*r. Is r prime?
True
Let t = -25 + 71. Suppose t*m = 41*m - 20370. Let f = -1753 - m. Is f a composite number?
True
Is -3 + (18 - 9) + 603835 prime?
False
Let z be 1565 - (2/4)/((-9)/36). Suppose -z = -3*k + 704. Is k composite?
False
Suppose -3*g - 15 = 0, -2*p + 2*g + 9213 = 3*g. Suppose 0 = 2*d + 3*a - 3098, 2*a + p = 3*d - 3*a. Is d composite?
False
Suppose -31*t + 151*t - 215260724 = -76*t. Is t composite?
False
Let l be (-2)/10 - (2976/(-30) + 3). Let p = l + -43. Let w = 414 + p. Is w a composite number?
False
Suppose 3 = -2*g - 7, 3*g + 27 = 2*q. Suppose -5028 = -6*b - q*b. Is b prime?
True
Let u = -93575 - -139594. Is u prime?
False
Is 2 + 20/250 + 14612092/100 composite?
True
Let t be 3/(-1) + 7 - (-5 + 5). Suppose t*d = 13213 + 13791. Is d a prime number?
False
Suppose -3*n - 4*s + 21 = 5, -n + s - 4 = 0. Let k(z) = 2*z - 4. Let i be k(3). Suppose i*x - 1818 = -2*m, -3*x + 4*m + 2762 = -n*m. Is x a composite number?
True
Suppose p + 1796 + 117 = 0. Suppose k - 2307 = 5*i + 1530, -3*i - 2313 = 3*k. Let d = i - p. Is d prime?
False
Let l(k) = 1